{"id":16,"date":"2009-04-27T06:33:43","date_gmt":"2009-04-27T06:33:43","guid":{"rendered":"http:\/\/www.abdullahokumus.com\/?page_id=16"},"modified":"2022-08-29T16:45:41","modified_gmt":"2022-08-29T13:45:41","slug":"yonettigi-yuksek-lisansdoktora-tezleri","status":"publish","type":"page","link":"https:\/\/www.abdullahokumus.com\/?page_id=16","title":{"rendered":"Y\u00f6netti\u011fim Tezler"},"content":{"rendered":"<p><strong>Doktora<\/strong><\/p>\n<ul>\n<li>Doktora, M.SELAM\u0130, &#8220;\u00d6zel Sa\u011fl\u0131k Kurulu\u015flar\u0131nda Hizmet Kar\u015f\u0131la\u015fmalar\u0131n\u0131n Hasta Tatmini ve Davran\u0131\u015fsal Niyete Etkisi&#8221;, 2022.<\/li>\n<li>Doktora, A.UYSAL, &#8220;T\u00fcketici temelli marka otantikli\u011finin m\u00fc\u015fteri memnuniyeti ve m\u00fc\u015fteri sadakati \u00fczerindeki etkisi&#8221;, 2021.<\/li>\n<li>Doktora, G.Kurtuldu, &#8220;Uluslararas\u0131 Marka \u0130ttifaklar\u0131nda T\u00fcketicilerin Alg\u0131lad\u0131\u011f\u0131 Uyum ile T\u00fcketicilerin Etnosentrik E\u011filimlerinin ve De\u011ferlerinin Sat\u0131n Alma Niyeti ile Etkile\u015fimi&#8221;, \u0130STANBUL \u00dcN\u0130VERS\u0130TES\u0130 , Kas\u0131m, 2016.<\/li>\n<li>Doktora, S.\u00d6zt\u00fcrk, &#8220;T\u00fcketicilerin \u0130nternetten Al\u0131\u015fveri\u015fe Y\u00f6nelik G\u00fcven ve Ba\u011fl\u0131l\u0131\u011f\u0131n\u0131n Ki\u015fisel Etkenler ile \u00c7ok Kanall\u0131-Tek Kanall\u0131 Perakendecilik Modelleri A\u00e7\u0131s\u0131ndan \u0130ncelenmesi&#8221;, \u0130STANBUL \u00dcN\u0130VERS\u0130TES\u0130 , Haziran, 2015.<\/li>\n<li>Doktora, G.Kara, &#8220;Teknolojik \u00dcr\u00fcnlerin Subjektif ve Objektif \u00d6zelliklerin Yeni \u00dcr\u00fcn Sat\u0131nalma Niyeti \u00dczerinde Etkileri&#8221;, \u0130STANBUL \u00dcN\u0130VERS\u0130TES\u0130 , Haziran, 2014.<\/li>\n<\/ul>\n<p><strong>Y\u00fcksek Lisans<\/strong><\/p>\n<ul>\n<li>Y\u00fcksek Lisans, N.DERBISHEV, &#8220;Kargo ta\u015f\u0131mac\u0131l\u0131\u011f\u0131nda insans\u0131z hava ara\u00e7lar\u0131n\u0131n (drone) hedefe ula\u015fmas\u0131na y\u00f6nelik yeni bir yakla\u015f\u0131m&#8221;, 2021.<\/li>\n<li>Y\u00fcksek Lisans, \u0130.DEM\u0130RHAN, &#8220;Pist ba\u015f\u0131 beklemelerinin ger\u00e7ek zamanl\u0131 trafik verisi kullan\u0131larak kuyruk teorisi y\u00f6ntemi ile analizi: \u0130stanbul Havaliman\u0131 \u00f6rne\u011fi&#8221;, 2021.<\/li>\n<li>Y\u00fcksek Lisans, A.Bahattin, &#8220;A\u011f\u0131zdan A\u011f\u0131za Pazarlaman\u0131n T\u00fcketicilerin Sat\u0131n Alma Karar\u0131 \u00dczerindeki Etkisinin \u0130ncelenmesi &#8211; \u00d6zel Orta \u00d6\u011fretim \u00d6rne\u011fi&#8221;, 2020 .<\/li>\n<li>Y\u00fcksek Lisans, B. Altay, &#8220;Mobil Uygulamalar\u0131n \u015eehir \u0130\u00e7i Toplu Ta\u015f\u0131mada Kullan\u0131m\u0131 ve Toplu Ta\u015f\u0131ma Kullan\u0131c\u0131lar\u0131 Taraf\u0131ndan Kabul\u00fc&#8221;, 2019.<\/li>\n<li>Y\u00fcksek Lisans,C.T\u00dcRKER , &#8220;T\u00fcketicilerin Yeni Teknolojileri Benimsemelerinin Teknoloji Kabul Modeli Boyutlar\u0131 \u0130tibar\u0131yla \u0130ncelenmesi: Mobil \u00d6deme Sistemleri \u00dczerine Bir Ara\u015ft\u0131rma&#8221;, 2019.<\/li>\n<li>Y\u00fcksek Lisans, H.G\u00f6kta\u015f, &#8220;Ankara ilinde ya\u015fayan 45 ya\u015f ve \u00fczeri ki\u015filerin ya\u015fl\u0131l\u0131k beklenti ve alg\u0131lar\u0131n\u0131n sosyo-demografik \u00f6zellikler itibariyle incelenmesi&#8221;, 2019.<\/li>\n<li>Y\u00fcksek Lisans, A.Peker, &#8220;Yerli ve Yabanc\u0131 Markal\u0131 \u00dcr\u00fcnlerde Marka Geni\u015flemesine Y\u00f6nelik T\u00fcketici Tutumlar\u0131na Etki Eden Fakt\u00f6rlerin \u0130ncelenmesi: Kahve Zincirlerine Y\u00f6nelik Bir Uygulama&#8221;, \u0130STANBUL \u00dcN\u0130VERS\u0130TES\u0130 , Ekim, 2017.<\/li>\n<li>Y\u00fcksek Lisans, S.\u00d6zt\u00fcrk, &#8220;T\u00fcketicilerin \u00fcr\u00fcn yerle\u015ftirmeye y\u00f6nelik tutumlar\u0131 \u00fczerinde sosyo-demografik ve psikografik etkenlerin rol\u00fc&#8221;, \u0130STANBUL \u00dcN\u0130VERS\u0130TES\u0130 , A\u011fustos, 2011.<\/li>\n<li>Y\u00fcksek Lisans, F.Mutlu, &#8220;\u0130\u015fletmelerde \u0130stihbarat Sistemi-\u0130stanbul \u0130linde Pilot Bir Ara\u015ft\u0131rma&#8221;, \u0130STANBUL \u00dcN\u0130VERS\u0130TES\u0130 , A\u011fustos, 2010.<\/li>\n<li>Y\u00fcksek Lisans, N.\u00c7etint\u00fcrk, &#8220;Bas\u0131l\u0131 Reklamlardan Geleneksel \u0130lan ve Advertorial (Tan\u0131t\u0131c\u0131 Reklam) Uygulamalar\u0131n\u0131n Kar\u015f\u0131la\u015ft\u0131r\u0131lmas\u0131&#8221;, \u0130STANBUL \u00dcN\u0130VERS\u0130TES\u0130 , Eyl\u00fcl, 2009.<\/li>\n<li>Y\u00fcksek Lisans, R.Da\u011fli, &#8220;Banka M\u00fc\u015fterilerinin Internet Bankac\u0131l\u0131\u011f\u0131na \u0130li\u015fkin Kanaatlerinin \u0130ncelenmesi ve Konu ile \u0130lgili Pilot Bir Ara\u015ft\u0131rma&#8221;, \u0130STANBUL \u00dcN\u0130VERS\u0130TES\u0130 , Haziran, 2007.<\/li>\n<li>Y\u00fcksek Lisans, A.Duygun, &#8220;E\u011fitim Hizmetlerinin Pazarlanmas\u0131nda Hizmet Kalitesinin \u00d6l\u00e7\u00fcm\u00fc ve Bir Pilot Ara\u015ft\u0131rma&#8221;, \u0130STANBUL \u00dcN\u0130VERS\u0130TES\u0130 , A\u011fustos, 2007.<\/li>\n<li>Y\u00fcksek Lisans, E.Kartal, &#8220;Do\u011frudan Posta Y\u00f6nteminde M\u00fc\u015fterilerin Geri Kazan\u0131mlar\u0131 ile Demografik, Sosyo-Ekonomik \u00d6zellikleri Aras\u0131ndaki \u0130lgi ve Y\u00f6nteme \u0130li\u015fkin De\u011ferlemeleri&#8221;, \u0130STANBUL \u00dcN\u0130VERS\u0130TES\u0130 , Haziran, 2007.<\/li>\n<\/ul>\n","protected":false},"excerpt":{"rendered":"<p>Doktora Doktora, M.SELAM\u0130, &#8220;\u00d6zel Sa\u011fl\u0131k Kurulu\u015flar\u0131nda Hizmet Kar\u015f\u0131la\u015fmalar\u0131n\u0131n Hasta Tatmini ve Davran\u0131\u015fsal Niyete Etkisi&#8221;, 2022. Doktora, A.UYSAL, &#8220;T\u00fcketici temelli marka otantikli\u011finin m\u00fc\u015fteri memnuniyeti ve m\u00fc\u015fteri sadakati \u00fczerindeki etkisi&#8221;, 2021. Doktora, G.Kurtuldu, &#8220;Uluslararas\u0131 Marka \u0130ttifaklar\u0131nda T\u00fcketicilerin Alg\u0131lad\u0131\u011f\u0131 Uyum ile T\u00fcketicilerin Etnosentrik &hellip; <a href=\"https:\/\/www.abdullahokumus.com\/?page_id=16\">Okumaya devam et <span class=\"meta-nav\">&rarr;<\/span><\/a><\/p>\n","protected":false},"author":2,"featured_media":0,"parent":0,"menu_order":4,"comment_status":"closed","ping_status":"closed","template":"","meta":{"jetpack_post_was_ever_published":false,"footnotes":""},"class_list":["post-16","page","type-page","status-publish","hentry"],"yoast_head":"<!-- This site is optimized with the Yoast SEO plugin v27.2 - https:\/\/yoast.com\/product\/yoast-seo-wordpress\/ -->\n<title>Y\u00f6netti\u011fim Tezler - Prof. Dr. Abdullah OKUMU\u015e<\/title>\n<meta name=\"robots\" content=\"index, follow, max-snippet:-1, max-image-preview:large, max-video-preview:-1\" \/>\n<link rel=\"canonical\" href=\"https:\/\/www.abdullahokumus.com\/?page_id=16\" \/>\n<meta property=\"og:locale\" content=\"tr_TR\" \/>\n<meta property=\"og:type\" content=\"article\" \/>\n<meta property=\"og:title\" content=\"Y\u00f6netti\u011fim Tezler - Prof. Dr. Abdullah OKUMU\u015e\" \/>\n<meta property=\"og:description\" content=\"Doktora Doktora, M.SELAM\u0130, &#8220;\u00d6zel Sa\u011fl\u0131k Kurulu\u015flar\u0131nda Hizmet Kar\u015f\u0131la\u015fmalar\u0131n\u0131n Hasta Tatmini ve Davran\u0131\u015fsal Niyete Etkisi&#8221;, 2022. Doktora, A.UYSAL, &#8220;T\u00fcketici temelli marka otantikli\u011finin m\u00fc\u015fteri memnuniyeti ve m\u00fc\u015fteri sadakati \u00fczerindeki etkisi&#8221;, 2021. Doktora, G.Kurtuldu, &#8220;Uluslararas\u0131 Marka \u0130ttifaklar\u0131nda T\u00fcketicilerin Alg\u0131lad\u0131\u011f\u0131 Uyum ile T\u00fcketicilerin Etnosentrik &hellip; Okumaya devam et &rarr;\" \/>\n<meta property=\"og:url\" content=\"https:\/\/www.abdullahokumus.com\/?page_id=16\" \/>\n<meta property=\"og:site_name\" content=\"Prof. Dr. Abdullah OKUMU\u015e\" \/>\n<meta property=\"article:modified_time\" content=\"2022-08-29T13:45:41+00:00\" \/>\n<meta name=\"twitter:card\" content=\"summary_large_image\" \/>\n<meta name=\"twitter:label1\" content=\"Tahmini okuma s\u00fcresi\" \/>\n\t<meta name=\"twitter:data1\" content=\"3 dakika\" \/>\n<script type=\"application\/ld+json\" class=\"yoast-schema-graph\">{\"@context\":\"https:\/\/schema.org\",\"@graph\":[{\"@type\":\"WebPage\",\"@id\":\"https:\/\/www.abdullahokumus.com\/?page_id=16\",\"url\":\"https:\/\/www.abdullahokumus.com\/?page_id=16\",\"name\":\"Y\u00f6netti\u011fim Tezler - Prof. Dr. Abdullah OKUMU\u015e\",\"isPartOf\":{\"@id\":\"https:\/\/www.abdullahokumus.com\/#website\"},\"datePublished\":\"2009-04-27T06:33:43+00:00\",\"dateModified\":\"2022-08-29T13:45:41+00:00\",\"breadcrumb\":{\"@id\":\"https:\/\/www.abdullahokumus.com\/?page_id=16#breadcrumb\"},\"inLanguage\":\"tr\",\"potentialAction\":[{\"@type\":\"ReadAction\",\"target\":[\"https:\/\/www.abdullahokumus.com\/?page_id=16\"]}]},{\"@type\":\"BreadcrumbList\",\"@id\":\"https:\/\/www.abdullahokumus.com\/?page_id=16#breadcrumb\",\"itemListElement\":[{\"@type\":\"ListItem\",\"position\":1,\"name\":\"Ana sayfa\",\"item\":\"https:\/\/www.abdullahokumus.com\/\"},{\"@type\":\"ListItem\",\"position\":2,\"name\":\"Y\u00f6netti\u011fim Tezler\"}]},{\"@type\":\"WebSite\",\"@id\":\"https:\/\/www.abdullahokumus.com\/#website\",\"url\":\"https:\/\/www.abdullahokumus.com\/\",\"name\":\"Prof. Dr. Abdullah OKUMU\u015e\",\"description\":\"Dekan, \u0130stanbul \u00dcniversitesi, Ula\u015ft\u0131rma ve Lojistik Fak\u00fcltesi \/ \u0130stanbul \u00dcniversitesi, \u0130\u015fletme Fak\u00fcltesi, Pazarlama Anabilim Dal\u0131 \u00d6\u011fretim \u00dcyesi\",\"potentialAction\":[{\"@type\":\"SearchAction\",\"target\":{\"@type\":\"EntryPoint\",\"urlTemplate\":\"https:\/\/www.abdullahokumus.com\/?s={search_term_string}\"},\"query-input\":{\"@type\":\"PropertyValueSpecification\",\"valueRequired\":true,\"valueName\":\"search_term_string\"}}],\"inLanguage\":\"tr\"}]}<\/script>\n<!-- \/ Yoast SEO plugin. -->","yoast_head_json":{"title":"Y\u00f6netti\u011fim Tezler - Prof. Dr. Abdullah OKUMU\u015e","robots":{"index":"index","follow":"follow","max-snippet":"max-snippet:-1","max-image-preview":"max-image-preview:large","max-video-preview":"max-video-preview:-1"},"canonical":"https:\/\/www.abdullahokumus.com\/?page_id=16","og_locale":"tr_TR","og_type":"article","og_title":"Y\u00f6netti\u011fim Tezler - Prof. Dr. Abdullah OKUMU\u015e","og_description":"Doktora Doktora, M.SELAM\u0130, &#8220;\u00d6zel Sa\u011fl\u0131k Kurulu\u015flar\u0131nda Hizmet Kar\u015f\u0131la\u015fmalar\u0131n\u0131n Hasta Tatmini ve Davran\u0131\u015fsal Niyete Etkisi&#8221;, 2022. Doktora, A.UYSAL, &#8220;T\u00fcketici temelli marka otantikli\u011finin m\u00fc\u015fteri memnuniyeti ve m\u00fc\u015fteri sadakati \u00fczerindeki etkisi&#8221;, 2021. Doktora, G.Kurtuldu, &#8220;Uluslararas\u0131 Marka \u0130ttifaklar\u0131nda T\u00fcketicilerin Alg\u0131lad\u0131\u011f\u0131 Uyum ile T\u00fcketicilerin Etnosentrik &hellip; Okumaya devam et &rarr;","og_url":"https:\/\/www.abdullahokumus.com\/?page_id=16","og_site_name":"Prof. Dr. Abdullah OKUMU\u015e","article_modified_time":"2022-08-29T13:45:41+00:00","twitter_card":"summary_large_image","twitter_misc":{"Tahmini okuma s\u00fcresi":"3 dakika"},"schema":{"@context":"https:\/\/schema.org","@graph":[{"@type":"WebPage","@id":"https:\/\/www.abdullahokumus.com\/?page_id=16","url":"https:\/\/www.abdullahokumus.com\/?page_id=16","name":"Y\u00f6netti\u011fim Tezler - Prof. Dr. Abdullah OKUMU\u015e","isPartOf":{"@id":"https:\/\/www.abdullahokumus.com\/#website"},"datePublished":"2009-04-27T06:33:43+00:00","dateModified":"2022-08-29T13:45:41+00:00","breadcrumb":{"@id":"https:\/\/www.abdullahokumus.com\/?page_id=16#breadcrumb"},"inLanguage":"tr","potentialAction":[{"@type":"ReadAction","target":["https:\/\/www.abdullahokumus.com\/?page_id=16"]}]},{"@type":"BreadcrumbList","@id":"https:\/\/www.abdullahokumus.com\/?page_id=16#breadcrumb","itemListElement":[{"@type":"ListItem","position":1,"name":"Ana sayfa","item":"https:\/\/www.abdullahokumus.com\/"},{"@type":"ListItem","position":2,"name":"Y\u00f6netti\u011fim Tezler"}]},{"@type":"WebSite","@id":"https:\/\/www.abdullahokumus.com\/#website","url":"https:\/\/www.abdullahokumus.com\/","name":"Prof. Dr. Abdullah OKUMU\u015e","description":"Dekan, \u0130stanbul \u00dcniversitesi, Ula\u015ft\u0131rma ve Lojistik Fak\u00fcltesi \/ \u0130stanbul \u00dcniversitesi, \u0130\u015fletme Fak\u00fcltesi, Pazarlama Anabilim Dal\u0131 \u00d6\u011fretim \u00dcyesi","potentialAction":[{"@type":"SearchAction","target":{"@type":"EntryPoint","urlTemplate":"https:\/\/www.abdullahokumus.com\/?s={search_term_string}"},"query-input":{"@type":"PropertyValueSpecification","valueRequired":true,"valueName":"search_term_string"}}],"inLanguage":"tr"}]}},"jetpack_sharing_enabled":true,"jetpack_shortlink":"https:\/\/wp.me\/Py4vK-g","_links":{"self":[{"href":"https:\/\/www.abdullahokumus.com\/index.php?rest_route=\/wp\/v2\/pages\/16","targetHints":{"allow":["GET"]}}],"collection":[{"href":"https:\/\/www.abdullahokumus.com\/index.php?rest_route=\/wp\/v2\/pages"}],"about":[{"href":"https:\/\/www.abdullahokumus.com\/index.php?rest_route=\/wp\/v2\/types\/page"}],"author":[{"embeddable":true,"href":"https:\/\/www.abdullahokumus.com\/index.php?rest_route=\/wp\/v2\/users\/2"}],"replies":[{"embeddable":true,"href":"https:\/\/www.abdullahokumus.com\/index.php?rest_route=%2Fwp%2Fv2%2Fcomments&post=16"}],"version-history":[{"count":2,"href":"https:\/\/www.abdullahokumus.com\/index.php?rest_route=\/wp\/v2\/pages\/16\/revisions"}],"predecessor-version":[{"id":435,"href":"https:\/\/www.abdullahokumus.com\/index.php?rest_route=\/wp\/v2\/pages\/16\/revisions\/435"}],"wp:attachment":[{"href":"https:\/\/www.abdullahokumus.com\/index.php?rest_route=%2Fwp%2Fv2%2Fmedia&parent=16"}],"curies":[{"name":"wp","href":"https:\/\/api.w.org\/{rel}","templated":true}]}}